{"version":"1.0","provider_name":"R\u00e9f\u00e9rence M\u00e9dia","provider_url":"https:\/\/presse.refmedia.ca\/en\/","author_name":"R\u00e9f\u00e9rence M\u00e9dia","author_url":"https:\/\/presse.refmedia.ca\/en\/author\/alexandrerefmedia\/","title":"Launch of the Construction Industry Action Plan for the Inclusion of First Nations and Inuit - R\u00e9f\u00e9rence M\u00e9dia","type":"rich","width":600,"height":338,"html":"<blockquote class=\"wp-embedded-content\" data-secret=\"pt6QswQMiD\"><a href=\"https:\/\/presse.refmedia.ca\/en\/construction-industry-plan-inclusion-first-nations-inuit\/\">Launch of the Construction Industry Action Plan for the Inclusion of First Nations and Inuit<\/a><\/blockquote><iframe sandbox=\"allow-scripts\" security=\"restricted\" src=\"https:\/\/presse.refmedia.ca\/en\/construction-industry-plan-inclusion-first-nations-inuit\/embed\/#?secret=pt6QswQMiD\" width=\"600\" height=\"338\" title=\"&#8220;Launch of the Construction Industry Action Plan for the Inclusion of First Nations and Inuit&#8221; &#8212; R\u00e9f\u00e9rence M\u00e9dia\" data-secret=\"pt6QswQMiD\" frameborder=\"0\" marginwidth=\"0\" marginheight=\"0\" scrolling=\"no\" class=\"wp-embedded-content\"><\/iframe><script type=\"text\/javascript\">\n\/* <![CDATA[ *\/\n\/*! This file is auto-generated *\/\n!function(d,l){\"use strict\";l.querySelector&&d.addEventListener&&\"undefined\"!=typeof URL&&(d.wp=d.wp||{},d.wp.receiveEmbedMessage||(d.wp.receiveEmbedMessage=function(e){var t=e.data;if((t||t.secret||t.message||t.value)&&!\/[^a-zA-Z0-9]\/.test(t.secret)){for(var s,r,n,a=l.querySelectorAll('iframe[data-secret=\"'+t.secret+'\"]'),o=l.querySelectorAll('blockquote[data-secret=\"'+t.secret+'\"]'),c=new RegExp(\"^https?:$\",\"i\"),i=0;i<o.length;i++)o[i].style.display=\"none\";for(i=0;i<a.length;i++)s=a[i],e.source===s.contentWindow&&(s.removeAttribute(\"style\"),\"height\"===t.message?(1e3<(r=parseInt(t.value,10))?r=1e3:~~r<200&&(r=200),s.height=r):\"link\"===t.message&&(r=new URL(s.getAttribute(\"src\")),n=new URL(t.value),c.test(n.protocol))&&n.host===r.host&&l.activeElement===s&&(d.top.location.href=t.value))}},d.addEventListener(\"message\",d.wp.receiveEmbedMessage,!1),l.addEventListener(\"DOMContentLoaded\",function(){for(var e,t,s=l.querySelectorAll(\"iframe.wp-embedded-content\"),r=0;r<s.length;r++)(t=(e=s[r]).getAttribute(\"data-secret\"))||(t=Math.random().toString(36).substring(2,12),e.src+=\"#?secret=\"+t,e.setAttribute(\"data-secret\",t)),e.contentWindow.postMessage({message:\"ready\",secret:t},\"*\")},!1)))}(window,document);\n\/\/# sourceURL=https:\/\/presse.refmedia.ca\/wp-includes\/js\/wp-embed.min.js\n\/* ]]> *\/\n<\/script>\n","thumbnail_url":"https:\/\/presse.refmedia.ca\/wp-content\/uploads\/Logo-CCQ-WordPress.png","thumbnail_width":600,"thumbnail_height":390,"description":"Today, in Trois-Rivi\u00e8res, the Commission de la construction du Qu\u00e9bec (CCQ), alongside the First Nations and Inuit and the partners in the industry, is launching the Construction Industry Action Plan for the Inclusion of First Nations and Inuit during the 5th Indigenous Peoples and Qu\u00e9bec Regional Economic Circle."}

Référence Média

Launch of the Construction Industry Action Plan for the Inclusion of First Nations and Inuit - Référence Média

<blockquote class="wp-embedded-content" data-secret="pt6QswQMiD"><a href="https://presse.refmedia.ca/en/construction-industry-plan-inclusion-first-nations-inuit/">Launch of the Construction Industry Action Plan for the Inclusion of First Nations and Inuit</a></blockquote><iframe sandbox="allow-scripts" security="restricted" src="https://presse.refmedia.ca/en/construction-industry-plan-inclusion-first-nations-inuit/embed/#?secret=pt6QswQMiD" width="600" height="338" title="&#8220;Launch of the Construction Industry Action Plan for the Inclusion of First Nations and Inuit&#8221; &#8212; Référence Média" data-secret="pt6QswQMiD" frameborder="0" marginwidth="0" marginheight="0" scrolling="no" class="wp-embedded-content"></iframe><script type="text/javascript">
/* <![CDATA[ */
/*! This file is auto-generated */
!function(d,l){"use strict";l.querySelector&&d.addEventListener&&"undefined"!=typeof URL&&(d.wp=d.wp||{},d.wp.receiveEmbedMessage||(d.wp.receiveEmbedMessage=function(e){var t=e.data;if((t||t.secret||t.message||t.value)&&!/[^a-zA-Z0-9]/.test(t.secret)){for(var s,r,n,a=l.querySelectorAll('iframe[data-secret="'+t.secret+'"]'),o=l.querySelectorAll('blockquote[data-secret="'+t.secret+'"]'),c=new RegExp("^https?:$","i"),i=0;i<o.length;i++)o[i].style.display="none";for(i=0;i<a.length;i++)s=a[i],e.source===s.contentWindow&&(s.removeAttribute("style"),"height"===t.message?(1e3<(r=parseInt(t.value,10))?r=1e3:~~r<200&&(r=200),s.height=r):"link"===t.message&&(r=new URL(s.getAttribute("src")),n=new URL(t.value),c.test(n.protocol))&&n.host===r.host&&l.activeElement===s&&(d.top.location.href=t.value))}},d.addEventListener("message",d.wp.receiveEmbedMessage,!1),l.addEventListener("DOMContentLoaded",function(){for(var e,t,s=l.querySelectorAll("iframe.wp-embedded-content"),r=0;r<s.length;r++)(t=(e=s[r]).getAttribute("data-secret"))||(t=Math.random().toString(36).substring(2,12),e.src+="#?secret="+t,e.setAttribute("data-secret",t)),e.contentWindow.postMessage({message:"ready",secret:t},"*")},!1)))}(window,document);
//# sourceURL=https://presse.refmedia.ca/wp-includes/js/wp-embed.min.js
/* ]]> */
</script>

Today, in Trois-Rivières, the Commission de la construction du Québec (CCQ), alongside the First Nations and Inuit and the partners in the industry, is launching the Construction Industry Action Plan for the Inclusion of First Nations and Inuit during the 5th Indigenous Peoples and Québec Regional Economic Circle.
